{"id":521,"date":"2022-07-19T11:54:16","date_gmt":"2022-07-19T11:54:16","guid":{"rendered":"http:\/\/www.brouseni-trebic.cz\/?page_id=521"},"modified":"2022-07-19T11:54:16","modified_gmt":"2022-07-19T11:54:16","slug":"prohlaseni-o-ochrane-osobnich-udaju-eu","status":"publish","type":"page","link":"https:\/\/www.brouseni-trebic.cz\/?page_id=521","title":{"rendered":"Prohl\u00e1\u0161en\u00ed o ochran\u011b osobn\u00edch \u00fadaj\u016f (EU)"},"content":{"rendered":"\n<!-- Legal document generated by Complianz | GDPR\/CCPA Cookie Consent https:\/\/wordpress.org\/plugins\/complianz-gdpr -->\n<div id=\"cmplz-document\" class=\"cmplz-document privacy-statement cmplz-document-eu\"><p><i>Toto prohl\u00e1\u0161en\u00ed o ochran\u011b osobn\u00edch \u00fadaj\u016f bylo naposledy aktualizov\u00e1no \u010cervenec 19, 2022 a vztahuje se na ob\u010dany a osoby s trval\u00fdm pobytem v Evropsk\u00e9m hospod\u00e1\u0159sk\u00e9m prostoru.<\/i><br \/><br \/><\/p><p><p>V tomto prohl\u00e1\u0161en\u00ed o ochran\u011b osobn\u00edch \u00fadaj\u016f vysv\u011btlujeme, co d\u011bl\u00e1me s \u00fadaji, kter\u00e9 o v\u00e1s z\u00edsk\u00e1me prost\u0159ednictv\u00edm <a href=\"https:\/\/www.brouseni-trebic.cz\">https:\/\/www.brouseni-trebic.cz<\/a>. Doporu\u010dujeme pozorn\u011b si p\u0159e\u010d\u00edst toto prohl\u00e1\u0161en\u00ed. P\u0159i na\u0161em zpracov\u00e1n\u00ed dodr\u017eujeme po\u017eadavky pr\u00e1vn\u00edch p\u0159edpis\u016f na ochranu soukrom\u00ed. To mimo jin\u00e9 znamen\u00e1, \u017ee:<\/p><ul>\n                <li>jasn\u011b uv\u00e1d\u00edme \u00fa\u010dely, pro kter\u00e9 zpracov\u00e1v\u00e1me osobn\u00ed \u00fadaje. D\u011bl\u00e1me to prost\u0159ednictv\u00edm tohoto prohl\u00e1\u0161en\u00ed o ochran\u011b osobn\u00edch \u00fadaj\u016f;<\/li>\n                <li>na\u0161\u00edm c\u00edlem je omezit shroma\u017e\u010fov\u00e1n\u00ed osobn\u00edch \u00fadaj\u016f pouze na osobn\u00ed \u00fadaje pot\u0159ebn\u00e9 pro pln\u011bn\u00ed z\u00e1konn\u00fdch povinnost\u00ed;<\/li>\n                <li>nejprve vy\u017eadujeme v\u00fdslovn\u00fd souhlas se zpracov\u00e1n\u00edm osobn\u00edch \u00fadaj\u016f v p\u0159\u00edpadech vy\u017eaduj\u00edc\u00edch v\u00e1\u0161 souhlas;<\/li>\n                <li>p\u0159ij\u00edm\u00e1me p\u0159\u00edslu\u0161n\u00e1 bezpe\u010dnostn\u00ed opat\u0159en\u00ed k ochran\u011b va\u0161ich osobn\u00edch \u00fadaj\u016f a tak\u00e9 to po\u017eadujeme od stran, kter\u00e9 zpracov\u00e1vaj\u00ed osobn\u00ed \u00fadaje na\u0161\u00edm jm\u00e9nem;<\/li>\n                <li>respektujeme va\u0161e pr\u00e1vo na p\u0159\u00edstup k va\u0161im osobn\u00edm \u00fadaj\u016fm, na jejich opravu nebo vymaz\u00e1n\u00ed na va\u0161i \u017e\u00e1dost.<\/li>\n            <\/ul><p>Pokud m\u00e1te n\u011bjak\u00e9 dotazy nebo chcete v\u011bd\u011bt p\u0159esn\u011b, jak\u00e9 \u00fadaje o v\u00e1s m\u00e1me, kontaktujte n\u00e1s.<\/p><\/p><h2>1. \u00da\u010del, \u00fadaje a doba uchov\u00e1v\u00e1n\u00ed<\/h2>M\u016f\u017eeme shroma\u017e\u010fovat nebo p\u0159ij\u00edmat osobn\u00ed \u00fadaje pro \u0159adu \u00fa\u010del\u016f spojen\u00fdch s na\u0161imi obchodn\u00edmi operacemi, kter\u00e9 mohou zahrnovat n\u00e1sleduj\u00edc\u00ed: (kliknut\u00edm rozbal\u00edte)<details class=\"cmplz-dropdown dropdown-privacy-statement\"><summary><div><h3>1.1 Sestavov\u00e1n\u00ed a anal\u00fdza statistik pro zlep\u0161en\u00ed webov\u00fdch str\u00e1nek.<\/h3><\/div><\/summary><p class=\"cmplz-subtitle\">K tomuto \u00fa\u010delu pou\u017e\u00edv\u00e1me n\u00e1sleduj\u00edc\u00ed \u00fadaje:<\/p><p><ul><li>IP adresa<\/li><li>Geoloka\u010dn\u00ed data<\/li><li>Informace o internetov\u00e9 \u010dinnosti, v\u010detn\u011b historie prohl\u00ed\u017een\u00ed, historie vyhled\u00e1v\u00e1n\u00ed a informac\u00ed t\u00fdkaj\u00edc\u00edch se interakce z\u00e1kazn\u00edka s webovou str\u00e1nkou, aplikac\u00ed nebo reklamou.<\/li><\/ul><\/p><p class=\"cmplz-subtitle\">Z\u00e1kladem, podle kter\u00e9ho m\u016f\u017eeme tyto \u00fadaje zpracov\u00e1vat, je:<\/p><p><a target=\"_blank\" rel=\"noopener noreferrer nofollow\" href=\"https:\/\/cookiedatabase.org\/legal-bases\/#legitimate\">Je to nezbytn\u00e9 pro \u00fa\u010dely opr\u00e1vn\u011bn\u00fdch z\u00e1jm\u016f, kter\u00e9 sleduje spr\u00e1vce nebo t\u0159et\u00ed strana, a tento z\u00e1jem p\u0159eva\u017euje nad z\u00e1jmem dot\u010den\u00e9 osoby.<\/a><\/p><p class=\"cmplz-subtitle\">Doba uchov\u00e1v\u00e1n\u00ed:<\/p><p>Tyto \u00fadaje uchov\u00e1v\u00e1me, dokud nen\u00ed slu\u017eba ukon\u010dena.<\/p><\/details><h2>2. Cookies<\/h2><p>Na\u0161e webov\u00e9 str\u00e1nky pou\u017e\u00edvaj\u00ed cookies. Dal\u0161\u00ed informace o cookies najdete na <a href=\"https:\/\/www.brouseni-trebic.cz\/?page_id=520\">Z\u00e1sady cookies<\/a>.&nbsp;<\/p><h2>3. Disclosure practices<\/h2><p><p>We disclose personal information if we are required by law or by a court order, in response to a law enforcement agency, to the extent permitted under other provisions of law, to provide information, or for an investigation on a matter related to public safety.<\/p><p>If our website or organisation is taken over, sold, or involved in a merger or acquisition, your details may be disclosed to our advisers and any prospective purchasers and will be passed on to the new owners.<\/p><\/p><h2>4. Zabezpe\u010den\u00ed<\/h2><p>Zav\u00e1zali jsme se k zabezpe\u010den\u00ed osobn\u00edch \u00fadaj\u016f. P\u0159ij\u00edm\u00e1me vhodn\u00e1 bezpe\u010dnostn\u00ed opat\u0159en\u00ed, abychom omezili zneu\u017eit\u00ed a neopr\u00e1vn\u011bn\u00fd p\u0159\u00edstup k osobn\u00edm \u00fadaj\u016fm. T\u00edm je zaji\u0161t\u011bno, \u017ee k va\u0161im \u00fadaj\u016fm maj\u00ed p\u0159\u00edstup pouze nezbytn\u00e9 osoby, p\u0159\u00edstup k dat\u016fm je chr\u00e1n\u011bn a na\u0161e bezpe\u010dnostn\u00ed opat\u0159en\u00ed jsou pravideln\u011b kontrolov\u00e1na.<\/p><h2>5. Webov\u00e9 str\u00e1nky t\u0159et\u00edch stran<\/h2><p>Toto prohl\u00e1\u0161en\u00ed o ochran\u011b osobn\u00edch \u00fadaj\u016f se nevztahuje na webov\u00e9 str\u00e1nky t\u0159et\u00edch stran propojen\u00e9 odkazy s na\u0161imi webov\u00fdmi str\u00e1nkami. Nem\u016f\u017eeme zaru\u010dit, \u017ee tyto t\u0159et\u00ed strany budou s va\u0161imi osobn\u00edmi \u00fadaji nakl\u00e1dat spolehliv\u011b nebo bezpe\u010dn\u011b. Doporu\u010dujeme, abyste si p\u0159ed pou\u017eit\u00edm t\u011bchto webu p\u0159e\u010detli prohl\u00e1\u0161en\u00ed o ochran\u011b osobn\u00edch \u00fadaj\u016f t\u011bchto webov\u00fdch str\u00e1nek.<\/p><h2>6. Zm\u011bny tohoto prohl\u00e1\u0161en\u00ed o ochran\u011b osobn\u00edch \u00fadaj\u016f<\/h2><p>Vyhrazujeme si pr\u00e1vo na zm\u011bnu tohoto prohl\u00e1\u0161en\u00ed o ochran\u011b osobn\u00edch \u00fadaj\u016f. Doporu\u010dujeme v\u00e1m pravideln\u011b se s t\u00edmto prohl\u00e1\u0161en\u00edm o ochran\u011b osobn\u00edch \u00fadaj\u016f sezn\u00e1mit, abyste si byli v\u011bdomi jak\u00fdchkoli zm\u011bn. Krom\u011b toho v\u00e1s budeme informovat, kdykoli  to bude mo\u017en\u00e9.<\/p><h2>7. P\u0159\u00edstup a \u00faprava va\u0161ich \u00fadaj\u016f<\/h2><p>Pokud m\u00e1te n\u011bjak\u00e9 dotazy nebo chcete v\u011bd\u011bt, jak\u00e9 osobn\u00ed \u00fadaje o v\u00e1s m\u00e1me, kontaktujte n\u00e1s. M\u016f\u017eete n\u00e1s kontaktovat pomoc\u00ed n\u00ed\u017ee uveden\u00fdch informac\u00ed. M\u00e1te n\u00e1sleduj\u00edc\u00ed pr\u00e1va:<\/p><ul>\n                <li>M\u00e1te pr\u00e1vo v\u011bd\u011bt, pro\u010d pot\u0159ebujeme va\u0161e osobn\u00ed \u00fadaje, co se s nimi stane a jak dlouho budou uchov\u00e1ny.<\/li>\n                <li>Pr\u00e1vo na p\u0159\u00edstup: m\u00e1te pr\u00e1vo na p\u0159\u00edstup k va\u0161im osobn\u00edm \u00fadaj\u016fm, kter\u00e9 jsou n\u00e1m zn\u00e1my.<\/li>\n                <li>Pr\u00e1vo na opravu: m\u00e1te pr\u00e1vo doplnit, opravit, odstranit nebo zablokovat va\u0161e osobn\u00ed \u00fadaje, kdykoli budete cht\u00edt.<\/li>\n                <li>Pokud n\u00e1m ud\u011bl\u00edte souhlas se zpracov\u00e1n\u00edm va\u0161ich \u00fadaj\u016f, m\u00e1te pr\u00e1vo tento souhlas odvolat a nechat va\u0161e osobn\u00ed \u00fadaje smazat.<\/li>\n                <li>Pr\u00e1vo na p\u0159enos va\u0161ich \u00fadaj\u016f: m\u00e1te pr\u00e1vo vy\u017e\u00e1dat si od spr\u00e1vce v\u0161echny va\u0161e osobn\u00ed \u00fadaje a v cel\u00e9m rozsahu je p\u0159edat jin\u00e9mu spr\u00e1vci.<\/li>\n                <li>Pr\u00e1vo vzn\u00e9st n\u00e1mitku: proti zpracov\u00e1n\u00ed va\u0161ich \u00fadaj\u016f m\u016f\u017eete nam\u00edtat. Dodr\u017eujeme to, pokud neexistuj\u00ed opodstatn\u011bn\u00e9 d\u016fvody ke zpracov\u00e1n\u00ed.<\/li>\n            <\/ul><p>Nezapome\u0148te v\u017edy jasn\u011b uv\u00e9st, kdo jste, abychom si mohli b\u00fdt jisti, \u017ee neupravujeme ani neodstra\u0148ujeme \u017e\u00e1dn\u00e9 \u00fadaje nespr\u00e1vn\u00e9 osoby.<\/p><h2>8. Odesl\u00e1n\u00ed st\u00ed\u017enosti<\/h2><p>Pokud nejste spokojeni se zp\u016fsobem, jak\u00fdm zpracov\u00e1v\u00e1me va\u0161i osobn\u00ed \u00fadaje (st\u00ed\u017enost ve v\u011bci), m\u00e1te pr\u00e1vo podat st\u00ed\u017enost \u00da\u0159adu pro ochranu osobn\u00edch \u00fadaj\u016f.<\/p><h2>9. Kontaktn\u00ed \u00fadaje<\/h2><p>Ji\u0159\u00ed Mahr<br \/>\n        Dr. Holubce 1050\/16<br \/>\r\n674 01 T\u0159eb\u00ed\u010d<br \/>\n        \u010cesk\u00e1 republika<br \/>\n        Webov\u00e1 str\u00e1nka: <a href=\"https:\/\/www.brouseni-trebic.cz\">https:\/\/www.brouseni-trebic.cz<\/a> <br \/>\n        E-mail: <span class=\"cmplz-obfuscate\">mo&#x63;&#x2e;li&#097;mg&#064;&#x36;8a&#x6b;rij&#046;&#109;<\/span> <br \/>\n        <\/p><\/div>\n","protected":false},"excerpt":{"rendered":"","protected":false},"author":3,"featured_media":0,"parent":0,"menu_order":0,"comment_status":"closed","ping_status":"closed","template":"","meta":[],"yoast_head":"<!-- This site is optimized with the Yoast SEO Premium plugin v15.2.1 - https:\/\/yoast.com\/wordpress\/plugins\/seo\/ -->\n<title>Prohl\u00e1\u0161en\u00ed o ochran\u011b osobn\u00edch \u00fadaj\u016f (EU) - Brou\u0161en\u00ed brusl\u00ed a no\u017e\u016f T\u0159eb\u00ed\u010d<\/title>\n<meta name=\"robots\" content=\"index, follow, max-snippet:-1, max-image-preview:large, max-video-preview:-1\" \/>\n<link rel=\"canonical\" href=\"https:\/\/www.brouseni-trebic.cz\/?page_id=521\" \/>\n<meta property=\"og:locale\" content=\"cs_CZ\" \/>\n<meta property=\"og:type\" content=\"article\" \/>\n<meta property=\"og:title\" content=\"Prohl\u00e1\u0161en\u00ed o ochran\u011b osobn\u00edch \u00fadaj\u016f (EU) - Brou\u0161en\u00ed brusl\u00ed a no\u017e\u016f T\u0159eb\u00ed\u010d\" \/>\n<meta property=\"og:url\" content=\"https:\/\/www.brouseni-trebic.cz\/?page_id=521\" \/>\n<meta property=\"og:site_name\" content=\"Brou\u0161en\u00ed brusl\u00ed a no\u017e\u016f T\u0159eb\u00ed\u010d\" \/>\n<meta name=\"twitter:card\" content=\"summary_large_image\" \/>\n<meta name=\"twitter:label1\" content=\"Napsal(a)\">\n\t<meta name=\"twitter:data1\" content=\"Roman Kudl\u00e1\u010dek\">\n\t<meta name=\"twitter:label2\" content=\"Odhadovan\u00e1 doba \u010dten\u00ed\">\n\t<meta name=\"twitter:data2\" content=\"0 minut\">\n<script type=\"application\/ld+json\" class=\"yoast-schema-graph\">{\"@context\":\"https:\/\/schema.org\",\"@graph\":[{\"@type\":\"WebSite\",\"@id\":\"https:\/\/www.brouseni-trebic.cz\/#website\",\"url\":\"https:\/\/www.brouseni-trebic.cz\/\",\"name\":\"Brou\\u0161en\\u00ed brusl\\u00ed a no\\u017e\\u016f T\\u0159eb\\u00ed\\u010d\",\"description\":\"Brou\\u0161en\\u00ed brusl\\u00ed a no\\u017e\\u016f v T\\u0159eb\\u00ed\\u010di, profesion\\u00e1ln\\u00ed nabrou\\u0161en\\u00ed od b\\u00fdval\\u00e9ho hokejov\\u00e9ho prof\\u00edka!\",\"potentialAction\":[{\"@type\":\"SearchAction\",\"target\":\"https:\/\/www.brouseni-trebic.cz\/?s={search_term_string}\",\"query-input\":\"required name=search_term_string\"}],\"inLanguage\":\"cs\"},{\"@type\":\"WebPage\",\"@id\":\"https:\/\/www.brouseni-trebic.cz\/?page_id=521#webpage\",\"url\":\"https:\/\/www.brouseni-trebic.cz\/?page_id=521\",\"name\":\"Prohl\\u00e1\\u0161en\\u00ed o ochran\\u011b osobn\\u00edch \\u00fadaj\\u016f (EU) - Brou\\u0161en\\u00ed brusl\\u00ed a no\\u017e\\u016f T\\u0159eb\\u00ed\\u010d\",\"isPartOf\":{\"@id\":\"https:\/\/www.brouseni-trebic.cz\/#website\"},\"datePublished\":\"2022-07-19T11:54:16+00:00\",\"dateModified\":\"2022-07-19T11:54:16+00:00\",\"inLanguage\":\"cs\",\"potentialAction\":[{\"@type\":\"ReadAction\",\"target\":[\"https:\/\/www.brouseni-trebic.cz\/?page_id=521\"]}]}]}<\/script>\n<!-- \/ Yoast SEO Premium plugin. -->","_links":{"self":[{"href":"https:\/\/www.brouseni-trebic.cz\/index.php?rest_route=\/wp\/v2\/pages\/521"}],"collection":[{"href":"https:\/\/www.brouseni-trebic.cz\/index.php?rest_route=\/wp\/v2\/pages"}],"about":[{"href":"https:\/\/www.brouseni-trebic.cz\/index.php?rest_route=\/wp\/v2\/types\/page"}],"author":[{"embeddable":true,"href":"https:\/\/www.brouseni-trebic.cz\/index.php?rest_route=\/wp\/v2\/users\/3"}],"replies":[{"embeddable":true,"href":"https:\/\/www.brouseni-trebic.cz\/index.php?rest_route=%2Fwp%2Fv2%2Fcomments&post=521"}],"version-history":[{"count":0,"href":"https:\/\/www.brouseni-trebic.cz\/index.php?rest_route=\/wp\/v2\/pages\/521\/revisions"}],"wp:attachment":[{"href":"https:\/\/www.brouseni-trebic.cz\/index.php?rest_route=%2Fwp%2Fv2%2Fmedia&parent=521"}],"curies":[{"name":"wp","href":"https:\/\/api.w.org\/{rel}","templated":true}]}}